{"id":13,"date":"2025-10-12T13:57:50","date_gmt":"2025-10-12T13:57:50","guid":{"rendered":"https:\/\/apian.rs\/?page_id=13"},"modified":"2026-01-11T08:00:39","modified_gmt":"2026-01-11T08:00:39","slug":"apian","status":"publish","type":"page","link":"https:\/\/apian.rs\/","title":{"rendered":"Apian"},"content":{"rendered":"<p>[vc_section css=&#8221;.vc_custom_1760292328528{padding-top: 100px !important;padding-bottom: 100px !important;}&#8221; el_class=&#8221;header-section&#8221;][vc_row][vc_column][vc_custom_heading text=&#8221;ASPHALT PAVEMENT INSTITUTE &#8211; APIAN DOO BEOGRAD&#8221; font_container=&#8221;tag:h1|text_align:left|color:%23ffffff&#8221; use_theme_fonts=&#8221;yes&#8221; css=&#8221;.vc_custom_1760292541458{margin-bottom: 10px !important;}&#8221;][vc_custom_heading text=&#8221;Kompanija postoji od 2023. godine. Bavi se projektovanjem, nadzorom i ispitivanjem gra\u0111evinskih materijala.&#8221; font_container=&#8221;tag:p|text_align:left|color:%23ffffff&#8221; use_theme_fonts=&#8221;yes&#8221; css=&#8221;.vc_custom_1760291548532{margin-bottom: 50px !important;}&#8221;][vc_column_text]<a class=\"btn btn--lg btn--primary-1\" href=\"#dokumentacija\">Dokumentacija<\/a>[\/vc_column_text][\/vc_column][\/vc_row][\/vc_section][vc_section el_class=&#8221;bg&#8211;secondary&#8221; css=&#8221;.vc_custom_1760291205252{padding-top: 60px !important;padding-bottom: 40px !important;}&#8221; el_id=&#8221;o-nama&#8221;][vc_row css=&#8221;.vc_custom_1760289649642{margin-bottom: 25px !important;}&#8221;][vc_column][vc_custom_heading text=&#8221;O Nama&#8221; use_theme_fonts=&#8221;yes&#8221; css=&#8221;.vc_custom_1760287751199{margin-bottom: 10px !important;}&#8221;][\/vc_column][\/vc_row][vc_row][vc_column width=&#8221;1\/2&#8243;][vc_column_text]Kompanija postoji od 2023. godine. Bavi se projektovanjem, nadzorom i ispitivanjem gra\u0111evinskih materijala.<\/p>\n<p><strong>Laboratorija za gra\u0111evinske materijale<\/strong><br \/>\nLaboratorija za ispitivanje, u skladu sa zahtevima standarda <strong>SRPS ISO\/IEC 17025:2017<\/strong>.<br \/>\nLaboratorija jeste organizaciona jedinica u okviru kompanije ASPHALT PAVEMENT INSTITUTE &#8211; APIAN DOO BEOGRAD. Aktivnosti ove organizacione celine se obavljaju na adresi Asfaltna baza br.1 Ruma. Oblast aktivnosti laboratorije su laboratorijska i terenska ispitivanja tla, kamena, kamenih agregata, bitumenskih veziva i asfalta. Ova ispitivanja obuhvataju analize na osnovu kojih se utvr\u0111uje kvalitet i mogu\u0107nost upotrebe ovih materijala u gra\u0111evinarstvu.[\/vc_column_text][\/vc_column][vc_column width=&#8221;1\/2&#8243;][vc_column_text]<strong>Sedi\u0161te firme<br \/>\n<\/strong>Poslovno ime: ASPHALT PAVEMENT INSTITUTE &#8211; APIAN DOO BEOGRAD<br \/>\nAdresa: Vranjska 29, 11000 Beograd, Srbija<br \/>\nTelefon: 062\/80-17-189<br \/>\nE-mail: office@apian.rs ; doo.apian@gmail.com<br \/>\nmati\u010dni broj: 21966223<br \/>\nPIB: 114065870<\/p>\n<p><strong>Laboratorija &#8211; Lokacija<\/strong><br \/>\nAdresa: Asfaltna baza 1, 22400 Ruma, Srbija<br \/>\nTelefoni: 060\/082-73-27<br \/>\nE-mail: djordje.toskovic@apian.rs[\/vc_column_text][\/vc_column][\/vc_row][\/vc_section][vc_section css=&#8221;.vc_custom_1760292664636{padding-top: 60px !important;padding-bottom: 80px !important;}&#8221; el_id=&#8221;dokumentacija&#8221;][vc_row css=&#8221;.vc_custom_1760289656245{margin-bottom: 25px !important;}&#8221;][vc_column][vc_custom_heading text=&#8221;Dokumentacija&#8221; use_theme_fonts=&#8221;yes&#8221; css=&#8221;.vc_custom_1760286012697{margin-bottom: 10px !important;}&#8221;][\/vc_column][\/vc_row][vc_row css=&#8221;.vc_custom_1760289997232{margin-bottom: 30px !important;}&#8221;][vc_column width=&#8221;1\/3&#8243; el_class=&#8221;document-card&#8221;][vc_single_image image=&#8221;30&#8243; img_size=&#8221;full&#8221; alignment=&#8221;center&#8221;][vc_column_text el_class=&#8221;card-title&#8221;]<\/p>\n<p style=\"text-align: center;\"><strong>Sertifikat<\/strong><\/p>\n<p>[\/vc_column_text][vc_column_text]<\/p>\n<p style=\"text-align: center;\"><a class=\"btn btn--sm btn--primary\" href=\"https:\/\/apian.rs\/wp-content\/uploads\/2026\/01\/obim-2-01-638.pdf\">Preuzimanje<\/a><\/p>\n<p>[\/vc_column_text][\/vc_column][vc_column width=&#8221;1\/3&#8243; el_class=&#8221;document-card&#8221;][vc_single_image image=&#8221;30&#8243; img_size=&#8221;full&#8221; alignment=&#8221;center&#8221;][vc_column_text el_class=&#8221;card-title&#8221;]<\/p>\n<p style=\"text-align: center;\"><strong>Obim akreditacije<\/strong><\/p>\n<p>[\/vc_column_text][vc_column_text]<\/p>\n<p style=\"text-align: center;\"><a class=\"btn btn--sm btn--primary\" href=\"https:\/\/apian.rs\/wp-content\/uploads\/2026\/01\/obim-2-01-638.pdf\">Preuzimanje<\/a><\/p>\n<p>[\/vc_column_text][\/vc_column][vc_column width=&#8221;1\/3&#8243; el_class=&#8221;document-card&#8221;][vc_single_image image=&#8221;30&#8243; img_size=&#8221;full&#8221; alignment=&#8221;center&#8221;][vc_column_text el_class=&#8221;card-title&#8221;]<\/p>\n<p style=\"text-align: center;\"><strong>Uputstvo za postupak re\u0161avanja prigovora<\/strong><\/p>\n<p>[\/vc_column_text][vc_column_text]<\/p>\n<p style=\"text-align: center;\"><a class=\"btn btn--sm btn--primary\" href=\"https:\/\/apian.rs\/wp-content\/uploads\/2025\/10\/U-9.1.2.5-Uputstvo-za-postupak-resavanja-prigovora-I1-I1.pdf\">Preuzimanje<\/a><\/p>\n<p>[\/vc_column_text][\/vc_column][\/vc_row][vc_row][vc_column width=&#8221;1\/3&#8243; el_class=&#8221;document-card&#8221;][vc_single_image image=&#8221;30&#8243; img_size=&#8221;full&#8221; alignment=&#8221;center&#8221;][vc_column_text el_class=&#8221;card-title&#8221;]<\/p>\n<p style=\"text-align: center;\"><strong>Zapisnik o prigovoru<\/strong><\/p>\n<p>[\/vc_column_text][vc_column_text]<\/p>\n<p style=\"text-align: center;\"><a class=\"btn btn--sm btn--primary\" href=\"https:\/\/apian.rs\/wp-content\/uploads\/2025\/10\/Obr.-br.-9.1.2.2-Zapisnik-o-prigovoru.pdf\">Preuzimanje<\/a><\/p>\n<p>[\/vc_column_text][\/vc_column][vc_column width=&#8221;1\/3&#8243; el_class=&#8221;document-card&#8221;][vc_single_image image=&#8221;30&#8243; img_size=&#8221;full&#8221; alignment=&#8221;center&#8221;][vc_column_text el_class=&#8221;card-title&#8221;]<\/p>\n<p style=\"text-align: center;\"><strong>Uslovi poslovanja<\/strong><\/p>\n<p>[\/vc_column_text][vc_column_text]<\/p>\n<p style=\"text-align: center;\"><a class=\"btn btn--sm btn--primary\" href=\"https:\/\/apian.rs\/wp-content\/uploads\/2025\/10\/Uslovi-poslovanja.pdf\">Preuzimanje<\/a><\/p>\n<p>[\/vc_column_text][\/vc_column][vc_column width=&#8221;1\/3&#8243; el_class=&#8221;document-card&#8221;][vc_single_image image=&#8221;30&#8243; img_size=&#8221;full&#8221; alignment=&#8221;center&#8221;][vc_column_text el_class=&#8221;card-title&#8221;]<\/p>\n<p style=\"text-align: center;\"><strong>Upitnik za procenu zadovoljenja korisnika<\/strong><\/p>\n<p>[\/vc_column_text][vc_column_text]<\/p>\n<p style=\"text-align: center;\"><a class=\"btn btn--sm btn--primary\" href=\"https:\/\/apian.rs\/wp-content\/uploads\/2025\/10\/Obr.-br.-9.1.2.1-Upitnik-za-procenu-zadovoljenja-korisnika.docx\">Preuzimanje<\/a><\/p>\n<p>[\/vc_column_text][\/vc_column][\/vc_row][\/vc_section]<\/p>\n","protected":false},"excerpt":{"rendered":"<p>[vc_section css=&#8221;.vc_custom_1760292328528{padding-top: 100px !important;padding-bottom: 100px !important;}&#8221; el_class=&#8221;header-section&#8221;][vc_row][vc_column][vc_custom_heading text=&#8221;ASPHALT PAVEMENT INSTITUTE &#8211; APIAN DOO BEOGRAD&#8221; font_container=&#8221;tag:h1|text_align:left|color:%23ffffff&#8221; use_theme_fonts=&#8221;yes&#8221; css=&#8221;.vc_custom_1760292541458{margin-bottom: 10px !important;}&#8221;][vc_custom_heading text=&#8221;Kompanija postoji od&#8230;<\/p>\n","protected":false},"author":1,"featured_media":92,"parent":0,"menu_order":0,"comment_status":"closed","ping_status":"closed","template":"","meta":{"footnotes":""},"class_list":["post-13","page","type-page","status-publish","has-post-thumbnail","hentry"],"_links":{"self":[{"href":"https:\/\/apian.rs\/index.php\/wp-json\/wp\/v2\/pages\/13","targetHints":{"allow":["GET"]}}],"collection":[{"href":"https:\/\/apian.rs\/index.php\/wp-json\/wp\/v2\/pages"}],"about":[{"href":"https:\/\/apian.rs\/index.php\/wp-json\/wp\/v2\/types\/page"}],"author":[{"embeddable":true,"href":"https:\/\/apian.rs\/index.php\/wp-json\/wp\/v2\/users\/1"}],"replies":[{"embeddable":true,"href":"https:\/\/apian.rs\/index.php\/wp-json\/wp\/v2\/comments?post=13"}],"version-history":[{"count":20,"href":"https:\/\/apian.rs\/index.php\/wp-json\/wp\/v2\/pages\/13\/revisions"}],"predecessor-version":[{"id":97,"href":"https:\/\/apian.rs\/index.php\/wp-json\/wp\/v2\/pages\/13\/revisions\/97"}],"wp:featuredmedia":[{"embeddable":true,"href":"https:\/\/apian.rs\/index.php\/wp-json\/wp\/v2\/media\/92"}],"wp:attachment":[{"href":"https:\/\/apian.rs\/index.php\/wp-json\/wp\/v2\/media?parent=13"}],"curies":[{"name":"wp","href":"https:\/\/api.w.org\/{rel}","templated":true}]}}